 common divisor of 56 and 329.
7
What is the greatest common divisor of 1376 and 4?
4
What is the highest common factor of 3248 and 266?
14
Calculate the greatest common factor of 78 and 24.
6
What is the highest common divisor of 40 and 1816?
8
Calculate the greatest common divisor of 2043 and 2951.
227
What is the greatest common factor of 427 and 366?
61
What is the greatest common factor of 627 and 4161?
57
Calculate the highest common divisor of 697 and 82.
41
Calculate the greatest common divisor of 1275 and 30.
15
What is the greatest common divisor of 16 and 634?
2
Calculate the greatest common divisor of 671 and 11.
11
What is the greatest common divisor of 9796 and 124?
124
What is the greatest common divisor of 78 and 90?
6
What is the highest common factor of 4 and 56?
4
Calculate the highest common divisor of 1 and 25.
1
What is the greatest common divisor of 55 and 209?
11
Calculate the greatest common divisor of 1411 and 83.
83
Calculate the highest common divisor of 2107 and 49.
49
What is the greatest common factor of 10 and 11015?
5
Calculate the greatest common divisor of 1081 and 92.
23
What is the highest common divisor of 67 and 1072?
67
Calculate the greatest common divisor of 7 and 3101.
7
What is the greatest common factor of 551 and 38?
19
Calculate the greatest common factor of 297 and 81.
27
What is the highest common divisor of 444 and 9102?
222
Calculate the greatest common factor of 102 and 34.
34
What is the greatest common divisor of 5610 and 880?
110
What is the highest common divisor of 19 and 551?
19
Calculate the greatest common divisor of 81 and 135.
27
Calculate the highest common factor of 7 and 91.
7
What is the highest common factor of 136 and 102?
34
What is the greatest common divisor of 4501 and 21?
7
What is the greatest common factor of 228 and 48?
12
Calculate the greatest common factor of 24378 and 102.
102
What is the highest common divisor of 368 and 207?
23
What is the highest common factor of 128 and 152?
8
Calculate the greatest common divisor of 140 and 315.
35
What is the greatest common divisor of 10104 and 36?
12
What is the highest common divisor of 85 and 187?
17
Calculate the greatest common divisor of 2068 and 752.
188
Calculate the greatest common factor of 585 and 13.
13
What is the highest common divisor of 3861 and 3267?
297
What is the greatest common divisor of 64 and 23616?
64
Calculate the greatest common factor of 407 and 37.
37
What is the highest common factor of 2899 and 91?
13
Calculate the highest common divisor of 10 and 35.
5
What is the highest common factor of 640 and 10?
10
What is the greatest common factor of 68 and 799?
17
What is the highest common divisor of 1235 and 95?
95
What is the greatest common factor of 27 and 15?
3
What is the highest common divisor of 100 and 10340?
20
What is the highest common divisor of 56 and 2?
2
What is the greatest common factor of 57 and 285?
57
What is the greatest common divisor of 195 and 120?
15
What is the greatest common divisor of 24 and 296?
8
What is the highest common divisor of 10 and 80?
10
What is the highest common factor of 1228 and 12?
4
What is the greatest common factor of 12 and 444?
12
What is the highest common divisor of 138 and 92?
46
Calculate the greatest common divisor of 12 and 388.
4
What is the greatest common factor of 185939 and 13?
13
Calculate the highest common divisor of 30 and 870.
30
Calculate the highest common divisor of 114 and 57.
57
Calculate the highest common divisor of 16 and 58.
2
Calculate the highest common divisor of 154 and 2541.
77
What is the greatest common factor of 256 and 80?
16
Calculate the greatest common factor of 319 and 275.
11
Calculate the highest common divisor of 16 and 48.
16
What is the greatest common divisor of 172 and 301?
43
Calculate the greatest common divisor of 1935 and 90.
45
What is the highest common divisor of 1206 and 1742?
134
What is the highest common factor of 121 and 11616?
121
What is the highest common divisor of 242 and 4?
2
Calculate the greatest common factor of 1036 and 19388.
148
What is the highest common factor of 19 and 19?
19
What is the highest common divisor of 215 and 387?
43
What is the highest common factor of 86 and 559?
43
Calculate the highest common factor of 928 and 6264.
232
Calculate the highest common divisor of 2212 and 476.
28
What is the highest common divisor of 42 and 126?
42
Calculate the greatest common factor of 31698 and 36.
18
Calculate the highest common divisor of 3580 and 20.
20
Calculate the highest common factor of 350 and 14.
14
What is the greatest common factor of 2800 and 112?
112
What is the greatest common divisor of 114 and 42?
6
What is the greatest common divisor of 36 and 171?
9
Calculate the greatest common divisor of 90 and 117.
9
Calculate the greatest common divisor of 105 and 567.
21
What is the highest common divisor of 2387 and 124?
31
Calculate the greatest common factor of 2 and 450.
2
Calculate the highest common factor of 2368 and 37.
37
Calculate the greatest common divisor of 53 and 689.
53
Calculate the highest common divisor of 2048 and 112.
16
Calculate the highest common factor of 23 and 7291.
23
Calculate the greatest common factor of 22 and 24.
2
What is the highest common factor of 60 and 204?
12
What is the greatest common divisor of 144 and 17568?
144
What is the greatest common factor of 32 and 168?
8
What is the highest common divisor of 72 and 8?
8
Calculate the highest common divisor of 60 and 2775.
15
What is the greatest common factor of 1372 and 364?
28
What is the greatest common factor of 651 and 837?
93
Calculate the highest common divisor of 15282 and 108.
54
Calculate the greatest common factor of 566 and 3.
1
What is the greatest common divisor of 4 and 68?
4
Calculate the greatest common factor of 234 and 2304.
18
What is the greatest common factor of 96 and 3756?
12
Calculate the highest common factor of 25 and 2025.
25
Calculate the greatest common factor of 17 and 1241.
17
What is the greatest common factor of 747 and 18?
9
What is the greatest common factor of 93 and 3?
3
Calculate the greatest common factor of 99 and 2475.
99
What is the highest common factor of 221 and 104?
13
What is the highest common factor of 72 and 846?
18
What is the highest common divisor of 450 and 825?
75
What is the highest common factor of 265 and 424?
53
What is the greatest common factor of 899 and 1421?
29
Calculate the greatest common factor of 2 and 35.
1
Calculate the highest common divisor of 11792 and 112.
16
Calculate the highest common divisor of 342 and 4617.
171
Calculate the greatest common factor of 2 and 701.
1
What is the greatest common divisor of 6 and 282?
6
Calculate the highest common divisor of 880 and 220.
220
Calculate the highest common divisor of 8115 and 30.
15
Calculate the highest common divisor of 1421 and 49.
49
What is the greatest common factor of 24 and 788?
4
What is the greatest common factor of 82 and 10250?
82
Calculate the greatest common divisor of 310 and 14725.
155
Calculate the greatest common divisor of 767 and 59.
59
Calculate the greatest common divisor of 689 and 26.
13
Calculate the greatest common divisor of 17 and 5882.
17
What is the highest common divisor of 12879 and 54?
27
What is the highest common divisor of 1596 and 1344?
84
What is the highest common divisor of 158 and 2291?
79
Calculate the greatest common factor of 22 and 1034.
22
Calculate the greatest common factor of 1442 and 21.
7
Calculate the greatest common factor of 34 and 544.
34
Calculate the greatest common divisor of 442 and 26.
26
What is the greatest common factor of 764 and 4?
4
Calculate the highest common divisor of 7 and 133.
7
Calculate the greatest common divisor of 20890 and 10.
10
What is the greatest common divisor of 696 and 72?
24
What is the highest common divisor of 16 and 512?
16
What is the highest common divisor of 279 and 28179?
279
Calculate the highest common factor of 38 and 418.
38
Calculate the greatest common divisor of 33 and 3685.
11
What is the highest common factor of 3230 and 1190?
170
What is the greatest common factor of 4194 and 54?
18
What is the greatest common divisor of 820 and 4?
4
What is the greatest common f